{"id":158,"date":"2012-01-10T18:11:25","date_gmt":"2012-01-10T18:11:25","guid":{"rendered":"https:\/\/www.hc-sulzburg.de\/?page_id=158"},"modified":"2026-01-04T00:54:38","modified_gmt":"2026-01-03T23:54:38","slug":"die-fordermitglieder","status":"publish","type":"page","link":"https:\/\/www.hc-sulzburg.de\/?page_id=158","title":{"rendered":"die F\u00f6rdermitglieder"},"content":{"rendered":"\n<p>Sind Sie auch der Meinung, dass unsere Vereinsarbeit ein wichtiges Kulturgut ist und Ihre Unterst\u00fcrzung verdient? Dann werden Sie doch F\u00f6rdermitglied. Mit nur <strong>\u20ac 20,-<\/strong> im Jahr leisten Sie bereits einen wichtigen Beitrag.<\/p>\n\n\n\n<figure class=\"wp-block-image size-large\"><a href=\"https:\/\/www.hc-sulzburg.de\/wp-content\/uploads\/Formulare\/Foerdermitgliedschaft.pdf\"><img decoding=\"async\" src=\"https:\/\/www.hc-sulzburg.de\/wp-content\/uploads\/Vereinsbild\/foerdereerklaerung_bild.png\" alt=\"\"\/><\/a><\/figure>\n\n\n\n<p>Wir w\u00fcrden uns freuen Sie als Mitglied in unsren Reihen begr\u00fc\u00dfen zu d\u00fcrfen.<\/p>\n\n\n\n<p><\/p>\n","protected":false},"excerpt":{"rendered":"<p>Sind Sie auch der Meinung, dass unsere Vereinsarbeit ein wichtiges Kulturgut ist und Ihre Unterst\u00fcrzung verdient? Dann werden Sie doch F\u00f6rdermitglied. Mit nur \u20ac 20,- im Jahr leisten Sie bereits einen wichtigen Beitrag. Wir w\u00fcrden uns freuen Sie als Mitglied &hellip; <a href=\"https:\/\/www.hc-sulzburg.de\/?page_id=158\">Weiterlesen <span class=\"meta-nav\">&rarr;<\/span><\/a><\/p>\n","protected":false},"author":53,"featured_media":7953,"parent":0,"menu_order":0,"comment_status":"closed","ping_status":"closed","template":"sidebar-page.php","meta":{"footnotes":""},"class_list":["post-158","page","type-page","status-publish","has-post-thumbnail","hentry"],"publishpress_future_action":{"enabled":false,"date":"2026-05-08 15:47:26","action":"change-status","newStatus":"draft","terms":[],"taxonomy":"","extraData":[]},"publishpress_future_workflow_manual_trigger":{"enabledWorkflows":[]},"_links":{"self":[{"href":"https:\/\/www.hc-sulzburg.de\/index.php?rest_route=\/wp\/v2\/pages\/158","targetHints":{"allow":["GET"]}}],"collection":[{"href":"https:\/\/www.hc-sulzburg.de\/index.php?rest_route=\/wp\/v2\/pages"}],"about":[{"href":"https:\/\/www.hc-sulzburg.de\/index.php?rest_route=\/wp\/v2\/types\/page"}],"author":[{"embeddable":true,"href":"https:\/\/www.hc-sulzburg.de\/index.php?rest_route=\/wp\/v2\/users\/53"}],"replies":[{"embeddable":true,"href":"https:\/\/www.hc-sulzburg.de\/index.php?rest_route=%2Fwp%2Fv2%2Fcomments&post=158"}],"version-history":[{"count":0,"href":"https:\/\/www.hc-sulzburg.de\/index.php?rest_route=\/wp\/v2\/pages\/158\/revisions"}],"wp:featuredmedia":[{"embeddable":true,"href":"https:\/\/www.hc-sulzburg.de\/index.php?rest_route=\/wp\/v2\/media\/7953"}],"wp:attachment":[{"href":"https:\/\/www.hc-sulzburg.de\/index.php?rest_route=%2Fwp%2Fv2%2Fmedia&parent=158"}],"curies":[{"name":"wp","href":"https:\/\/api.w.org\/{rel}","templated":true}]}}