{"id":16,"date":"2012-01-04T23:34:29","date_gmt":"2012-01-04T23:34:29","guid":{"rendered":"https:\/\/www.hc-sulzburg.de\/?page_id=16"},"modified":"2026-01-06T13:12:27","modified_gmt":"2026-01-06T12:12:27","slug":"der-verein","status":"publish","type":"page","link":"https:\/\/www.hc-sulzburg.de\/?page_id=16","title":{"rendered":"der Verein"},"content":{"rendered":"\n<p>Wir sind ein gemeinn\u00fctziger Verein, der mit Akkordeonmusik beeindrucken und begeistern will. Oft sind die musikalischen M\u00f6glichkeiten eines Akkordeonorchesters unbekannt und versetzt das Publikum nicht selten in gro\u00dfes Staunen. Die Erhaltung und Weiterentwicklung liegt uns sehr am Herzen, kurzum ein Verein der seine <a href=\"https:\/\/www.hc-sulzburg.de\/?page_id=4460\">Musik leben will<\/a>.<\/p>\n\n\n<div class=\"wp-block-image\">\n<figure class=\"aligncenter size-large\"><a href=\"https:\/\/hc-sulzburg.de\/wp-content\/uploads\/Vereinsbild\/der_verein_2019_detail.jpg\"><img decoding=\"async\" src=\"https:\/\/hc-sulzburg.de\/wp-content\/uploads\/Vereinsbild\/der_verein_2019.jpg\" alt=\"\"\/><\/a><figcaption class=\"wp-element-caption\">Bild von 2019<\/figcaption><\/figure>\n<\/div>\n\n\n<p>Man kann uns live h\u00f6ren am Jahreskonzert (immer am letzten Samstag im Januar), bei Kirchen-, Kur- und Gastkonzerten, \u00f6ffentlichen Anl\u00e4ssen, Festen und an Wettbewerben. Zur Vorbereitung trifft sich das Konzertorchester dienstags um 20<sup>00<\/sup> Uhr im Proberaum in der Ernst-Leitz-Schule in Sulzburg und vor dem Jahreskonzert zu einem Probenwochenende. Nat\u00fcrlich haben wir auch erfahrene Akkordeonlehrer, die unseren Nachwuchs zu kompetenten Spielern <a href=\"https:\/\/www.hc-sulzburg.de\/?page_id=10\">ausbilden<\/a>.<\/p>\n\n\n\n<p>Neben unserer musikalischen Arbeit <a href=\"https:\/\/www.hc-sulzburg.de\/?cat=6\">veranstalten<\/a> wir alle zwei Jahre in Sulzburg das Lichterfest \u201eKurpark in Flammen\u201d und haben einen Stand bei der Sulzburger Burefasnet. Zur Pflege der Gemeinschaft gibt es auch regelm\u00e4\u00dfig Ausfl\u00fcge und kleine Grillfeste f\u00fcr unsere Jugend, die Spieler des Konzertorchesters und die F\u00f6rdermitglieder.<\/p>\n\n\n\n<p>Als ordentlich eingetragener Verein (e.V.) habe wir auch eine <a title=\"die Satzung\" href=\"https:\/\/www.hc-sulzburg.de\/wp-content\/uploads\/Satzung\/Satzung.pdf\" target=\"_blank\" rel=\"noopener noreferrer\">Satzung<\/a> und halten einmal j\u00e4hrlich eine Generalversammlung ab.<\/p>\n","protected":false},"excerpt":{"rendered":"<p>Wir sind ein gemeinn\u00fctziger Verein, der mit Akkordeonmusik beeindrucken und begeistern will. Oft sind die musikalischen M\u00f6glichkeiten eines Akkordeonorchesters unbekannt und versetzt das Publikum nicht selten in gro\u00dfes Staunen. Die Erhaltung und Weiterentwicklung liegt uns sehr am Herzen, kurzum ein &hellip; <a href=\"https:\/\/www.hc-sulzburg.de\/?page_id=16\">Weiterlesen <span class=\"meta-nav\">&rarr;<\/span><\/a><\/p>\n","protected":false},"author":53,"featured_media":7953,"parent":0,"menu_order":0,"comment_status":"closed","ping_status":"closed","template":"sidebar-page.php","meta":{"footnotes":""},"class_list":["post-16","page","type-page","status-publish","has-post-thumbnail","hentry"],"publishpress_future_action":{"enabled":false,"date":"2026-05-08 15:46:29","action":"change-status","newStatus":"draft","terms":[],"taxonomy":"","extraData":[]},"publishpress_future_workflow_manual_trigger":{"enabledWorkflows":[]},"_links":{"self":[{"href":"https:\/\/www.hc-sulzburg.de\/index.php?rest_route=\/wp\/v2\/pages\/16","targetHints":{"allow":["GET"]}}],"collection":[{"href":"https:\/\/www.hc-sulzburg.de\/index.php?rest_route=\/wp\/v2\/pages"}],"about":[{"href":"https:\/\/www.hc-sulzburg.de\/index.php?rest_route=\/wp\/v2\/types\/page"}],"author":[{"embeddable":true,"href":"https:\/\/www.hc-sulzburg.de\/index.php?rest_route=\/wp\/v2\/users\/53"}],"replies":[{"embeddable":true,"href":"https:\/\/www.hc-sulzburg.de\/index.php?rest_route=%2Fwp%2Fv2%2Fcomments&post=16"}],"version-history":[{"count":0,"href":"https:\/\/www.hc-sulzburg.de\/index.php?rest_route=\/wp\/v2\/pages\/16\/revisions"}],"wp:featuredmedia":[{"embeddable":true,"href":"https:\/\/www.hc-sulzburg.de\/index.php?rest_route=\/wp\/v2\/media\/7953"}],"wp:attachment":[{"href":"https:\/\/www.hc-sulzburg.de\/index.php?rest_route=%2Fwp%2Fv2%2Fmedia&parent=16"}],"curies":[{"name":"wp","href":"https:\/\/api.w.org\/{rel}","templated":true}]}}