{"id":160,"date":"2012-01-10T18:13:47","date_gmt":"2012-01-10T18:13:47","guid":{"rendered":"https:\/\/www.hc-sulzburg.de\/?page_id=160"},"modified":"2021-05-18T20:37:15","modified_gmt":"2021-05-18T18:37:15","slug":"die-ehrenmitglieder","status":"publish","type":"page","link":"https:\/\/www.hc-sulzburg.de\/?page_id=160","title":{"rendered":"die Ehrenmitglieder"},"content":{"rendered":"\n<div style=\"height:20px\" aria-hidden=\"true\" class=\"wp-block-spacer\"><\/div>\n\n\n\n<p>Einige aktive Spieler und F\u00f6rdermitglieder haben sich besonders um den HC Sulzburg verdient gemacht. Die ihnen geb\u00fchrende h\u00f6chste Anerkennung wird durch die Ernennung zum Ehrenmitglied zum Ausdruck gebracht.<\/p>\n\n\n\n<h2 class=\"wp-block-heading\"> <strong>Ehrenmitglieder<\/strong> <\/h2>\n\n\n\n<figure class=\"wp-block-table hc-table\">\n<table>\n<tbody>\n<tr><td>1963<\/td><td>Friedrich Kuny\u2020 <\/td><\/tr>\n<tr><td>1974<\/td><td>Martin Kutzschbach\u2020 <\/td><\/tr>\n<tr><td>1985<\/td><td>Edgar Schillinger\u2020 <\/td><\/tr>\n<tr><td>1985<\/td><td>Alfred S\u00fctterlin\u2020 <\/td><\/tr>\n<tr><td>1985<\/td><td>Ludwig Winterhalter\u2020 <\/td><\/tr>\n<tr><td>1985<\/td><td>Rolf Suhm <\/td><\/tr>\n<tr><td>1993<\/td><td>Siegfried Deckler <\/td><\/tr>\n<tr><td>1997<\/td><td>Otto Bechtel\u2020 <\/td><\/tr>\n<tr><td>2001<\/td><td>Peter B\u00f6he <\/td><\/tr>\n<tr><td>2007<\/td><td>Ruth Meier\u2020 <\/td><\/tr>\n<tr><td>2020<\/td><td>Theodor Meyer <\/td><\/tr>\n<\/tbody>\n<\/table>\n<\/figure>\n\n\n\n<div style=\"height:20px\" aria-hidden=\"true\" class=\"wp-block-spacer\"><\/div>\n\n\n\n<h2 class=\"wp-block-heading\"> <strong>Ehrenvorsitzender<\/strong> <\/h2>\n\n\n\n<figure class=\"wp-block-table hc-table\">\n<table>\n<tbody>\n<tr><td>1983<\/td><td>Martin Kutzschbach\u2020 <\/td><\/tr>\n<tr><td>2016<\/td><td>Hans-Peter D&#8217;Inka\u2020 <\/td><\/tr>\n<\/tbody>\n<\/table>\n<\/figure>\n\n\n\n<figure class=\"wp-block-image size-large is-style-default\"><a href=\"https:\/\/www.badische-zeitung.de\/engagement-spiegelt-sich-in-jugendarbeit-wider--117439430.html\" target=\"_blank\" rel=\"noopener\"><img decoding=\"async\" src=\"https:\/\/ais.badische-zeitung.de\/piece\/06\/ff\/fb\/c2\/117439426-h-720.jpg\" alt=\"\"\/><\/a><figcaption>Hans-Peter D&#8217;Inka Ehrenvorsitzender (2016)<\/figcaption><\/figure>\n\n\n\n<h2 class=\"wp-block-heading\">Ehrendirigent<\/h2>\n\n\n\n<figure class=\"wp-block-table hc-table\">\n<table>\n<tbody>\n<tr><td>1999<\/td><td>Siegfried Deckler<\/td><\/tr>\n<tr><td>2020<\/td><td>Michael Huck<\/td><\/tr>\n<\/tbody>\n<\/table>\n<\/figure>\n\n\n\n<p>Stand 05.2021<\/p>\n","protected":false},"excerpt":{"rendered":"<p>Einige aktive Spieler und F\u00f6rdermitglieder haben sich besonders um den HC Sulzburg verdient gemacht. Die ihnen geb\u00fchrende h\u00f6chste Anerkennung wird durch die Ernennung zum Ehrenmitglied zum Ausdruck gebracht. Ehrenmitglieder 1963 Friedrich Kuny\u2020 1974 Martin Kutzschbach\u2020 1985 Edgar Schillinger\u2020 1985 Alfred &hellip; <a href=\"https:\/\/www.hc-sulzburg.de\/?page_id=160\">Weiterlesen <span class=\"meta-nav\">&rarr;<\/span><\/a><\/p>\n","protected":false},"author":53,"featured_media":7953,"parent":0,"menu_order":0,"comment_status":"closed","ping_status":"closed","template":"sidebar-page.php","meta":{"footnotes":""},"class_list":["post-160","page","type-page","status-publish","has-post-thumbnail","hentry"],"publishpress_future_action":{"enabled":false,"date":"2026-05-08 17:12:08","action":"change-status","newStatus":"draft","terms":[],"taxonomy":"","extraData":[]},"publishpress_future_workflow_manual_trigger":{"enabledWorkflows":[]},"_links":{"self":[{"href":"https:\/\/www.hc-sulzburg.de\/index.php?rest_route=\/wp\/v2\/pages\/160","targetHints":{"allow":["GET"]}}],"collection":[{"href":"https:\/\/www.hc-sulzburg.de\/index.php?rest_route=\/wp\/v2\/pages"}],"about":[{"href":"https:\/\/www.hc-sulzburg.de\/index.php?rest_route=\/wp\/v2\/types\/page"}],"author":[{"embeddable":true,"href":"https:\/\/www.hc-sulzburg.de\/index.php?rest_route=\/wp\/v2\/users\/53"}],"replies":[{"embeddable":true,"href":"https:\/\/www.hc-sulzburg.de\/index.php?rest_route=%2Fwp%2Fv2%2Fcomments&post=160"}],"version-history":[{"count":0,"href":"https:\/\/www.hc-sulzburg.de\/index.php?rest_route=\/wp\/v2\/pages\/160\/revisions"}],"wp:featuredmedia":[{"embeddable":true,"href":"https:\/\/www.hc-sulzburg.de\/index.php?rest_route=\/wp\/v2\/media\/7953"}],"wp:attachment":[{"href":"https:\/\/www.hc-sulzburg.de\/index.php?rest_route=%2Fwp%2Fv2%2Fmedia&parent=160"}],"curies":[{"name":"wp","href":"https:\/\/api.w.org\/{rel}","templated":true}]}}

<div style="height:20px" aria-hidden="true" class="wp-block-spacer"></div>



<p>Einige aktive Spieler und Fördermitglieder haben sich besonders um den HC Sulzburg verdient gemacht. Die ihnen gebührende höchste Anerkennung wird durch die Ernennung zum Ehrenmitglied zum Ausdruck gebracht.</p>



<h2 class="wp-block-heading"> <strong>Ehrenmitglieder</strong> </h2>



<figure class="wp-block-table hc-table">
<table>
<tbody>
<tr><td>1963</td><td>Friedrich Kuny† </td></tr>
<tr><td>1974</td><td>Martin Kutzschbach† </td></tr>
<tr><td>1985</td><td>Edgar Schillinger† </td></tr>
<tr><td>1985</td><td>Alfred Sütterlin† </td></tr>
<tr><td>1985</td><td>Ludwig Winterhalter† </td></tr>
<tr><td>1985</td><td>Rolf Suhm </td></tr>
<tr><td>1993</td><td>Siegfried Deckler </td></tr>
<tr><td>1997</td><td>Otto Bechtel† </td></tr>
<tr><td>2001</td><td>Peter Böhe </td></tr>
<tr><td>2007</td><td>Ruth Meier† </td></tr>
<tr><td>2020</td><td>Theodor Meyer </td></tr>
</tbody>
</table>
</figure>



<div style="height:20px" aria-hidden="true" class="wp-block-spacer"></div>



<h2 class="wp-block-heading"> <strong>Ehrenvorsitzender</strong> </h2>



<figure class="wp-block-table hc-table">
<table>
<tbody>
<tr><td>1983</td><td>Martin Kutzschbach† </td></tr>
<tr><td>2016</td><td>Hans-Peter D&#8217;Inka† </td></tr>
</tbody>
</table>
</figure>



<figure class="wp-block-image size-large is-style-default"><a href="https://www.badische-zeitung.de/engagement-spiegelt-sich-in-jugendarbeit-wider--117439430.html" target="_blank" rel="noopener"><img decoding="async" src="https://ais.badische-zeitung.de/piece/06/ff/fb/c2/117439426-h-720.jpg" alt=""/></a><figcaption>Hans-Peter D&#8217;Inka Ehrenvorsitzender (2016)</figcaption></figure>



<h2 class="wp-block-heading">Ehrendirigent</h2>



<figure class="wp-block-table hc-table">
<table>
<tbody>
<tr><td>1999</td><td>Siegfried Deckler</td></tr>
<tr><td>2020</td><td>Michael Huck</td></tr>
</tbody>
</table>
</figure>



<p>Stand 05.2021</p>

<p>Einige aktive Spieler und Fördermitglieder haben sich besonders um den HC Sulzburg verdient gemacht. Die ihnen gebührende höchste Anerkennung wird durch die Ernennung zum Ehrenmitglied zum Ausdruck gebracht. Ehrenmitglieder 1963 Friedrich Kuny† 1974 Martin Kutzschbach† 1985 Edgar Schillinger† 1985 Alfred &hellip; <a href="https://www.hc-sulzburg.de/?page_id=160">Weiterlesen <span class="meta-nav">&rarr;</span></a></p>
