{"id":5740,"date":"2018-04-29T23:45:33","date_gmt":"2018-04-29T21:45:33","guid":{"rendered":"https:\/\/www.hc-sulzburg.de\/?page_id=5740"},"modified":"2023-04-29T17:58:15","modified_gmt":"2023-04-29T15:58:15","slug":"der-datenschutz","status":"publish","type":"page","link":"https:\/\/www.hc-sulzburg.de\/?page_id=5740","title":{"rendered":"die Datenschutzerkl\u00e4rung"},"content":{"rendered":"\n<div style=\"height:20px\" aria-hidden=\"true\" class=\"wp-block-spacer\"><\/div>\n\n\n\n<p>Der HC Sulzburg e.V. nimmt den Schutz Ihrer pers\u00f6nlichen Daten sehr ernst. Wir behandeln Ihre personenbezogenen Daten vertraulich und entsprechend der gesetzlichen Datenschutzvorschriften sowie dieser Datenschutzerkl\u00e4rung.<\/p>\n\n\n\n<p>Die Nutzung unserer Website ist in der Regel ohne Angabe personenbezogener Daten m\u00f6glich. Soweit auf unseren Seiten personenbezogene Daten (beispielsweise Name, oder E-Mail-Adressen) erhoben werden, erfolgt dies, soweit m\u00f6glich, stets auf freiwilliger Basis. Diese Daten werden ohne Ihre ausdr\u00fcckliche Zustimmung nicht an Dritte weitergegeben.<\/p>\n\n\n\n<h1 class=\"wp-block-heading headline-page\">1&amp;1 IONOS Webhosting<\/h1>\n\n\n\n<p>Es werden folgende Daten von Webseitenbesuchern erhoben, die direkt bei der Erhebung anonymisiert werden:<\/p>\n\n\n\n<ul class=\"wp-block-list\">\n<li>Referrer (zuvor besuchte Webseite)<\/li>\n\n\n\n<li>Angeforderte Webseite oder Datei<\/li>\n\n\n\n<li>Browsertyp und Browserversion<\/li>\n\n\n\n<li>Verwendetes Betriebssystem<\/li>\n\n\n\n<li>Verwendeter Ger\u00e4tetyp<\/li>\n\n\n\n<li>Uhrzeit des Zugriffs<\/li>\n\n\n\n<li>IP-Adresse in anonymisierter Form (wird nur zur Feststellung des Orts des Zugriffs verwendet)<\/li>\n<\/ul>\n\n\n\n<p>Die Daten werden aus berechtigtem Interesse erhoben, um die Sicherheit und Stabilit\u00e4t des Angebots zu gew\u00e4hrleisten und den Webseitenbesuchern ein H\u00f6chstma\u00df an Qualit\u00e4t bereitstellen zu k\u00f6nnen. Die Daten werden 8 Wochen gespeichert. Ihre Daten werden nicht an Dritte weitergegeben, ein Transfer in Drittstaaten findet nicht statt.<\/p>\n\n\n\n<h1 class=\"wp-block-heading headline-page\">1&amp;1 IONOS WebAnalytics<\/h1>\n\n\n\n<p>Tracking und Logging sind standardm\u00e4\u00dfig aktiviert. Die Daten werden entweder durch einen Pixel oder durch ein Logfile ermittelt. Zum Schutz von personenbezogenen Daten verwendet WebAnalytics keine Cookies. 1&amp;1 IONOS speichert keine personenbezogenen Daten von Websitenbesuchern, damit keine R\u00fcckschl\u00fcsse auf die einzelnen Besucher gezogen werden k\u00f6nnen. Es werden folgende Daten erhoben:<\/p>\n\n\n\n<ul class=\"wp-block-list\">\n<li>Referrer (zuvor besuchte Webseite)<\/li>\n\n\n\n<li>Angeforderte Webseite oder Datei<\/li>\n\n\n\n<li>Browsertyp und Browserversion<\/li>\n\n\n\n<li>Verwendetes Betriebssystem<\/li>\n\n\n\n<li>Verwendeter Ger\u00e4tetyp<\/li>\n\n\n\n<li>Uhrzeit des Zugriffs<\/li>\n\n\n\n<li>IP-Adresse in anonymisierter Form (wird nur zur Feststellung des Orts des Zugriffs verwendet)<\/li>\n<\/ul>\n\n\n\n<p>In WebAnalytics werden Daten ausschlie\u00dflich zur statistischen Auswertung und zur technischen Optimierung des Webangebots erhoben. Es werden keine Daten an Dritte weitergegeben.<\/p>\n\n\n\n<h2 class=\"wp-block-heading\">Facebook-Plugins (Teilen-Button)<\/h2>\n\n\n\n<p>Auf unseren Seiten sind Plugins des sozialen Netzwerks Facebook, Anbieter Facebook Inc., 1 Hacker Way, Menlo Park, California 94025, USA, integriert. Die Facebook-Plugins erkennen Sie an dem Facebook-Logo oder dem &#8222;Teilen-Button&#8220; auf unserer Seite. Eine \u00dcbersicht \u00fcber die Facebook-Plugins finden Sie <a title=\"Facebook Plugins\" rel=\"noopener noreferrer\" href=\"https:\/\/developers.facebook.com\/docs\/plugins\/\" target=\"_blank\">hier.<\/a><\/p>\n\n\n\n<p>Wenn Sie unsere Seiten besuchen, und ein Facebook-Plugin anklicken wird eine direkte Verbindung zwischen Ihrem Browser und dem Facebook-Server hergestellt. Facebook erh\u00e4lt dadurch die Information, dass Sie mit Ihrer IP-Adresse unsere Seite besucht haben. Wenn Sie den Facebook &#8222;Teilen-Button&#8220; anklicken w\u00e4hrend Sie in Ihrem Facebook-Account eingeloggt sind, k\u00f6nnen Sie die Inhalte unserer Seiten auf Ihrem Facebook-Profil verlinken. Dadurch kann Facebook den Besuch unserer Seiten Ihrem Benutzerkonto zuordnen. Wir weisen darauf hin, dass wir als Anbieter der Seiten keine Kenntnis vom Inhalt der \u00fcbermittelten Daten sowie deren Nutzung durch Facebook erhalten. Weitere Informationen hierzu finden Sie in der <a title=\"Datenschutzerkl\u00e4rung Facebook\" rel=\"noopener noreferrer\" href=\"https:\/\/www.facebook.com\/policy.php\" target=\"_blank\">Datenschutzerkl\u00e4rung<\/a> von Facebook.<\/p>\n\n\n\n<p>Wenn Sie nicht w\u00fcnschen, dass Facebook den Besuch unserer Seiten Ihrem Facebook-Nutzerkonto zuordnen kann, loggen Sie sich bitte aus Ihrem Facebook-Benutzerkonto aus.<\/p>\n\n\n\n<h2 class=\"wp-block-heading\">Einsatz und Verwendung von Shariff<\/h2>\n\n\n\n<p>Wir haben auf unserer Internetseite die Komponente Shariff integriert. Die Shariff-Komponente stellt Social-Media-Buttons zur Verf\u00fcgung, die datenschutzkonform sind. Shariff wurde f\u00fcr die deutsche Computerzeitschrift c&#8217;t entwickelt und wird \u00fcber die GitHub, Inc. publiziert.<\/p>\n\n\n\n<p>\u00dcblicherweise \u00fcbertragen die von den sozialen Netzwerken bereitgestellten Button-L\u00f6sungen bereits dann personenbezogene Daten an das jeweilige soziale Netzwerk, wenn ein Nutzer eine Internetseite besucht, in welche ein Social-Media-Button integriert wurde. Durch die Nutzung der Shariff-Komponente werden erst dann personenbezogene Daten an soziale Netzwerke \u00fcbermittelt, wenn der Besucher einer Internetseite aktiv einen der Social-Media-Buttons bet\u00e4tigt. Weitere Informationen zur Shariff-Komponente werden von der <a title=\"c't Artickel \u00fcber shariff\" rel=\"noopener noreferrer\" href=\"http:\/\/www.heise.de\/newsticker\/meldung\/Datenschutz-und-Social-Media-Der-c-t-Shariff-ist-im-Einsatz-2470103.html\" target=\"_blank\">Computerzeitschrift c&#8217;t<\/a> bereitgehalten. Der Einsatz der Shariff-Komponente hat den Zweck, die personenbezogenen Daten der Besucher unserer Internetseite zu sch\u00fctzen und uns gleichzeitig zu erm\u00f6glichen, eine Button-L\u00f6sung f\u00fcr soziale Netzwerke auf dieser Internetseite zu integrieren.<\/p>\n\n\n\n<h2 class=\"wp-block-heading\">Verwendung von YouTube Videos<\/h2>\n\n\n\n<p>Diese Internetseite beinhaltet mindestens ein Plugin von YouTube, geh\u00f6rig zur Google Inc., ans\u00e4ssig in San Bruno\/Kalifornien, USA.<br>Wir nutzen die YouTube Funktion No-Cookies, d.h. wir haben Erweiterten Datenschutz aktiviert, Videos werden nicht \u00fcber youtube.com, sondern \u00fcber youtube-nocookie.com aufgerufen.<br>Diesen stellt YouTube selbst bereit und sichert damit zu, dass YouTube zun\u00e4chst keine Cookies auf Ihrem Ger\u00e4t speichert. Beim Aufruf der betreffenden Seiten werden allerdings die IP-Adresse sowie Referrer (zuvor besuchte Webseite), angeforderte Webseite oder Browsertyp und Browserversion, verwendetes Betriebssystem, verwendeter Ger\u00e4tetyp und Uhrzeit \u00fcbertragen und so insbesondere mitgeteilt, welche Internetseiten Sie besucht haben. Diese Information l\u00e4sst sich jedoch nicht Ihnen zuordnen, wenn Sie nicht bei dem Seitenaufruf bei YouTube oder einem anderen Google-Dienst dauerhaft angemeldet sind.<br>Sobald Sie die Wiedergabe eines eingebundenen Videos durch Anklicken starten, speichert YouTube durch den erweiterten Datenschutzmodus auf Ihrem Ger\u00e4t nur Cookies, die keine pers\u00f6nlich identifizierbaren Daten enthalten, es sei denn Sie sind aktuell bei einem Google-Dienst angemeldet. Diese Cookies lassen sich durch entsprechende Browsereinstellungen und -erweiterungen verhindern.<br>Google\/YouTube: Google Ireland Limited, Gordon House, Barrow Street, Dublin 4, Irland \u2013 Datenschutzerkl\u00e4rung: <a rel=\"noreferrer noopener\" href=\"https:\/\/policies.google.com\/privacy\" target=\"_blank\">https:\/\/policies.google.com\/privacy<\/a>,<br>Opt-Out: <a rel=\"noreferrer noopener\" href=\"https:\/\/adssettings.google.com\/authenticated\" target=\"_blank\">https:\/\/adssettings.google.com\/authenticated<\/a>,<br>Privacy Shield: <a rel=\"noreferrer noopener\" href=\"https:\/\/www.privacyshield.gov\/participant?id=a2zt000000001L5AAI&amp;status=Active\" target=\"_blank\">https:\/\/www.privacyshield.gov\/participant?id=a2zt000000001L5AAI&amp;status=Active<\/a>.<\/p>\n\n\n\n<h2 class=\"wp-block-heading\">Kommentarfunktion (G\u00e4stebuch) auf unserer Website<\/h2>\n\n\n\n<p>F\u00fcr die Kommentarfunktion werden neben Ihrem Kommentar auch Angaben zum Zeitpunkt der Erstellung des Kommentars und, wenn Sie nicht anonym posten, der von Ihnen gew\u00e4hlte Nutzername gespeichert.<\/p>\n\n\n\n<p>Unsere Kommentarfunktion speichert die IP-Adressen der Nutzer, die Kommentare verfassen. Da wir Kommentare auf unserer Seite nicht vor der Freischaltung pr\u00fcfen, ben\u00f6tigen wir diese Daten, um im Falle von Rechtsverletzungen wie Beleidigungen oder Propaganda gegen den Verfasser vorgehen zu k\u00f6nnen.<\/p>\n\n\n\n<h2 class=\"wp-block-heading\">Recht auf Auskunft, L\u00f6schung, Sperrung<\/h2>\n\n\n\n<p>Sie haben jederzeit das Recht auf unentgeltliche Auskunft \u00fcber Ihre gespeicherten personenbezogenen Daten, deren Herkunft und Empf\u00e4nger und den Zweck der Datenverarbeitung sowie ein Recht auf Berichtigung, Sperrung oder L\u00f6schung dieser Daten. Hierzu sowie zu weiteren Fragen zum Thema personenbezogene Daten k\u00f6nnen Sie sich jederzeit an den <strong><a href=\"javascript:;\" data-enc-email=\"jroznfgre[at]up-fhymohet.qr\" class=\"mail-link\" data-wpel-link=\"ignore\"><span id=\"wpmt-740603-323638\"><\/span><script type=\"text\/javascript\">(function(){var ml=\"w-l4sce.t%rbh0zgmaud\",mi=\"06;@A486:93=<514B2>;B:?7C6\",o=\"\";for(var j=0,l=mi.length;j<l;j++){o+=ml.charAt(mi.charCodeAt(j)-48);}document.getElementById(\"wpmt-740603-323638\").innerHTML = decodeURIComponent(o);}());<\/script><noscript>*protected email*<\/noscript><\/a><\/strong> oder unter der im <a title=\"Impressum\" href=\"https:\/\/www.hc-sulzburg.de\/?page_id=141\">Impressum<\/a> angegebenen Adresse an uns wenden.<\/p>\n","protected":false},"excerpt":{"rendered":"<p>Der HC Sulzburg e.V. nimmt den Schutz Ihrer pers\u00f6nlichen Daten sehr ernst. Wir behandeln Ihre personenbezogenen Daten vertraulich und entsprechend der gesetzlichen Datenschutzvorschriften sowie dieser Datenschutzerkl\u00e4rung. Die Nutzung unserer Website ist in der Regel ohne Angabe personenbezogener Daten m\u00f6glich. Soweit &hellip; <a href=\"https:\/\/www.hc-sulzburg.de\/?page_id=5740\">Weiterlesen <span class=\"meta-nav\">&rarr;<\/span><\/a><\/p>\n","protected":false},"author":53,"featured_media":7953,"parent":0,"menu_order":0,"comment_status":"closed","ping_status":"closed","template":"sidebar-page.php","meta":{"footnotes":""},"class_list":["post-5740","page","type-page","status-publish","has-post-thumbnail","hentry"],"publishpress_future_action":{"enabled":false,"date":"2026-05-08 18:36:56","action":"change-status","newStatus":"draft","terms":[],"taxonomy":"","extraData":[]},"publishpress_future_workflow_manual_trigger":{"enabledWorkflows":[]},"_links":{"self":[{"href":"https:\/\/www.hc-sulzburg.de\/index.php?rest_route=\/wp\/v2\/pages\/5740","targetHints":{"allow":["GET"]}}],"collection":[{"href":"https:\/\/www.hc-sulzburg.de\/index.php?rest_route=\/wp\/v2\/pages"}],"about":[{"href":"https:\/\/www.hc-sulzburg.de\/index.php?rest_route=\/wp\/v2\/types\/page"}],"author":[{"embeddable":true,"href":"https:\/\/www.hc-sulzburg.de\/index.php?rest_route=\/wp\/v2\/users\/53"}],"replies":[{"embeddable":true,"href":"https:\/\/www.hc-sulzburg.de\/index.php?rest_route=%2Fwp%2Fv2%2Fcomments&post=5740"}],"version-history":[{"count":0,"href":"https:\/\/www.hc-sulzburg.de\/index.php?rest_route=\/wp\/v2\/pages\/5740\/revisions"}],"wp:featuredmedia":[{"embeddable":true,"href":"https:\/\/www.hc-sulzburg.de\/index.php?rest_route=\/wp\/v2\/media\/7953"}],"wp:attachment":[{"href":"https:\/\/www.hc-sulzburg.de\/index.php?rest_route=%2Fwp%2Fv2%2Fmedia&parent=5740"}],"curies":[{"name":"wp","href":"https:\/\/api.w.org\/{rel}","templated":true}]}}