{"id":6164,"date":"2019-01-18T19:52:27","date_gmt":"2019-01-18T18:52:27","guid":{"rendered":"https:\/\/www.hc-sulzburg.de\/?page_id=6164"},"modified":"2026-01-08T01:15:18","modified_gmt":"2026-01-08T00:15:18","slug":"die-dirigentin","status":"publish","type":"page","link":"https:\/\/www.hc-sulzburg.de\/?page_id=6164","title":{"rendered":"die ehemalige Dirigentin Silke D&#8217;Inka"},"content":{"rendered":"\n<div style=\"height:20px\" aria-hidden=\"true\" class=\"wp-block-spacer\"><\/div>\n\n\n\n<div class=\"wp-block-columns is-layout-flex wp-container-core-columns-is-layout-9d6595d7 wp-block-columns-is-layout-flex\">\n<div class=\"wp-block-column is-layout-flow wp-block-column-is-layout-flow\">\n<figure class=\"wp-block-image size-large\"><a href=\"https:\/\/www.hc-sulzburg.de\/wp-content\/uploads\/Vereinsbild\/Silke_DInka.png\"><img decoding=\"async\" src=\"https:\/\/www.hc-sulzburg.de\/wp-content\/uploads\/Vereinsbild\/Silke_DInka.png\" alt=\"\"\/><\/a><\/figure>\n<\/div>\n\n\n\n<div class=\"wp-block-column is-layout-flow wp-block-column-is-layout-flow\">\n<p><strong>Silke D&#8217;Inka<\/strong> war 5 Jahre unsere Dirigentin und musikalische Gesamtleiterin.<\/p>\n<\/div>\n<\/div>\n\n\n\n<p>Silke hat eine beeindruckende Vita, unter anderem als Spielerin und Konzertmeisterin in Orchestern und Ensembles mit Auftritten in Innsbruck, Br\u00fcssel, Ungarn, Italien, Irland, Slowenien, Serbien, Russland, Australien und den USA. Dabei spielte sie unter der Leitung von Uwe M\u00fcller-Feser, Rolf Mandel, Udo Penz, Andreas Nebl, Bernd Maltry, Fabian Dobler, Thomas Bauer, Landesdirigent Johannes Baumann und den Bundesdirigenten Stefan Hippe und Fritz Dobler. Ihre musikalischen Wurzeln hat sie aber hier, beim Handharmonika-Club Sulzburg und ist mit diesem eng verbunden.<\/p>\n\n\n\n<p>Hier eine tabellarische Aufstellung ihrer musikalischen Aktivit\u00e4ten:<\/p>\n\n\n\n<figure class=\"wp-block-table hc-table\">\n<table>\n<tbody>\n<tr><td>seit 2021<\/td><td>Mitglied im Pr\u00e4sidium des Deutschen Musikrates\n<tr><td>2020\/2021<\/td><td> Dirigentin des Landesjugend-Akkordeonorchester NRW (LJAO\/NRW)\n<tr><td>2020\/2021<\/td><td>Dirigentin des Landes-Akkordeon-Orchesters Berlin\n<tr><td>seit 2020<\/td><td>Bundesdirigentin des DHV<\/td><\/tr>\n<tr><td>2019-2024<\/td><td>Dirigentin des Konzertorchesters und musikalische Gesamtleitung beim Handharmonika-Club Sulzburg<\/td><\/tr>\n<tr><td>2019<\/td><td>Dirigentin des Landesjugend-Akkordeonorchesters Bayern (LJAO\/Bayern)<\/td><\/tr>\n<tr><td>seit 2017<\/td><td>Mitglied im Musikausschuss des DHV<\/td><\/tr>\n<tr><td>seit 2017<\/td><td>Mitglied im DHV-Pr\u00e4sidium<\/td><\/tr>\n<tr><td>seit 2017<\/td><td>Sprecherin der Bezirksdirigenten im Deutschen Harmonika-Verband (DHV)<\/td><\/tr>\n<tr><td>2016<\/td><td>Dirigentin des Akkordeon-Landesjugendorchesters (ALJO) Baden-W\u00fcrttemberg \u2013 Konzertreise nach Indien<\/td><\/tr>\n<tr><td>2014-2023<\/td><td>Bezirksdirigentin des DHV-Breisgau<\/td><\/tr>\n<tr><td>2013<\/td><td>Dirigentin des (ALJO) Baden-W\u00fcrttemberg \u2013 Konzertreise nach Costa Rica<\/td><\/tr>\n<tr><td>seit 2011<\/td><td>Gesch\u00e4ftsf\u00fchrerin des Akkordeon-Landesjugendorchesters (ALJO) Baden-W\u00fcrttemberg, <a href=\"http:\/\/www.aljo-bw.de\" target=\"_blank\" rel=\"noopener noreferrer\">www.aljo-bw.de<\/a><\/td><\/tr>\n<tr><td>seit 2011<\/td><td>Gr\u00fcndungsmitglied des Bundesakkordeonorchesters (BuAkkO), <a href=\"https:\/\/www.buakko.de\/\" target=\"_blank\" rel=\"noopener noreferrer\">www.buakko.de<\/a><\/td><\/tr>\n<tr><td>seit 2011<\/td><td>Mitglied im Markgr\u00e4fler Akkordeon-Ensemble (MAE)<\/td><\/tr>\n<tr><td>seit 2010<\/td><td>Dirigentin des Bezirks-Jugendorchesters Breisgau (BJO)<\/td><\/tr>\n<tr><td>seit 2008<\/td><td>Dirigentin des Konzertorchesters und die musikalische Gesamtleitung der <a href=\"http:\/\/www.akkordeongruppe-muenstertal.de\/\" target=\"_blank\" rel=\"noopener noreferrer\">Akkordeongruppe M\u00fcnstertal<\/a><\/td><\/tr>\n<tr><td>seit 2007<\/td><td>Weiterbildendes Studium an der Universit\u00e4t Freiburg in den F\u00e4chern Musikwissenschaft und Psychologie<\/td><\/tr>\n<tr><td>seit 2006<\/td><td>Dozentin f\u00fcr diverse Lehrg\u00e4nge (Dirigieren, Ensemble, Musiktheorie u.a.)<\/td><\/tr>\n<tr><td>seit 2006<\/td><td>Jurorin bei verschiedenen Wettbewerben (u.a. Jugend musiziert und DOW)<\/td><\/tr>\n<tr><td>seit 2005<\/td><td>Mitglied und Konzertmeisterin im Bezirksorchester Breisgau<\/td><\/tr>\n<tr><td>2004\u20112008<\/td><td>Dirigentin des Akkordeon-Orchesters Tennenbronn, mit dem sie 2005 den Bezirksmeistertitel in der H\u00f6chststufe errang<\/td><\/tr>\n<tr><td>2004\u20112007<\/td><td>Mitglied im Dirigentenorchester Freudenstadt-Rottweil<\/td><\/tr>\n<tr><td>2003\u20112011<\/td><td>Dirigentin des Handharmonika-Orchesters Lauterbach<\/td><\/tr>\n<tr><td>2003\u20112005<\/td><td>Solistenklasse Arrangement bei Hans-G\u00fcnther K\u00f6lz und Dirigier-Stipendium bei Bundesdirigent Fritz Dobler<\/td><\/tr>\n<tr><td>2002\u20112010<\/td><td>Mitglied und Konzertmeisterin im Akkordeon-Landesjugendorchester Baden-W\u00fcrttemberg<\/td><\/tr>\n<tr><td>1999\u20112005<\/td><td>Mitglied und Konzertmeisterin im Seminarorchester des Hohner-Konservatoriums Trossingen<\/td><\/tr>\n<tr><td>1999\u20112003<\/td><td>Studium am Hohner-Konservatorium Trossingen mit den Hauptf\u00e4chern Klassisches Akkordeon (Werner Glutsch), Dirigieren (Fritz Dobler) und Elementare Musikp\u00e4dagogik (Patricia Schweikert-Laube)<br>Abschluss als staatlich anerkannte Musikp\u00e4dagogin mit der Note&nbsp;1<\/td><\/tr>\n<tr><td>1999<\/td><td>Abitur am Markgr\u00e4fler Gymnasium M\u00fcllheim<\/td><\/tr>\n<tr><td>1994\u20112008<\/td><td>Spielerin und sp\u00e4ter Konzertmeisterin bei der <a href=\"http:\/\/www.akkordeongruppe-muenstertal.de\/\" target=\"_blank\" rel=\"noopener noreferrer\">Akkordeongruppe M\u00fcnstertal<\/a><\/td><\/tr>\n<tr><td>1987\u20112019<\/td><td>Akkordeonunterricht beim Handharmonika-Club Sulzburg und Spielerin im Konzertorchester<\/td><\/tr>\n<\/tbody>\n<\/table>\n<\/figure>\n\n\n\n<p>Stand: 09.2024<\/p>\n\n\n\n<p><\/p>\n","protected":false},"excerpt":{"rendered":"<p>Silke D&#8217;Inka war 5 Jahre unsere Dirigentin und musikalische Gesamtleiterin. Silke hat eine beeindruckende Vita, unter anderem als Spielerin und Konzertmeisterin in Orchestern und Ensembles mit Auftritten in Innsbruck, Br\u00fcssel, Ungarn, Italien, Irland, Slowenien, Serbien, Russland, Australien und den USA. &hellip; <a href=\"https:\/\/www.hc-sulzburg.de\/?page_id=6164\">Weiterlesen <span class=\"meta-nav\">&rarr;<\/span><\/a><\/p>\n","protected":false},"author":53,"featured_media":7953,"parent":0,"menu_order":0,"comment_status":"closed","ping_status":"closed","template":"sidebar-page.php","meta":{"footnotes":""},"class_list":["post-6164","page","type-page","status-publish","has-post-thumbnail","hentry"],"publishpress_future_action":{"enabled":false,"date":"2026-05-10 11:41:57","action":"change-status","newStatus":"draft","terms":[],"taxonomy":"","extraData":[]},"publishpress_future_workflow_manual_trigger":{"enabledWorkflows":[]},"_links":{"self":[{"href":"https:\/\/www.hc-sulzburg.de\/index.php?rest_route=\/wp\/v2\/pages\/6164","targetHints":{"allow":["GET"]}}],"collection":[{"href":"https:\/\/www.hc-sulzburg.de\/index.php?rest_route=\/wp\/v2\/pages"}],"about":[{"href":"https:\/\/www.hc-sulzburg.de\/index.php?rest_route=\/wp\/v2\/types\/page"}],"author":[{"embeddable":true,"href":"https:\/\/www.hc-sulzburg.de\/index.php?rest_route=\/wp\/v2\/users\/53"}],"replies":[{"embeddable":true,"href":"https:\/\/www.hc-sulzburg.de\/index.php?rest_route=%2Fwp%2Fv2%2Fcomments&post=6164"}],"version-history":[{"count":0,"href":"https:\/\/www.hc-sulzburg.de\/index.php?rest_route=\/wp\/v2\/pages\/6164\/revisions"}],"wp:featuredmedia":[{"embeddable":true,"href":"https:\/\/www.hc-sulzburg.de\/index.php?rest_route=\/wp\/v2\/media\/7953"}],"wp:attachment":[{"href":"https:\/\/www.hc-sulzburg.de\/index.php?rest_route=%2Fwp%2Fv2%2Fmedia&parent=6164"}],"curies":[{"name":"wp","href":"https:\/\/api.w.org\/{rel}","templated":true}]}}

<div style="height:20px" aria-hidden="true" class="wp-block-spacer"></div>



<div class="wp-block-columns is-layout-flex wp-container-core-columns-is-layout-9d6595d7 wp-block-columns-is-layout-flex">
<div class="wp-block-column is-layout-flow wp-block-column-is-layout-flow">
<figure class="wp-block-image size-large"><a href="https://www.hc-sulzburg.de/wp-content/uploads/Vereinsbild/Silke_DInka.png"><img decoding="async" src="https://www.hc-sulzburg.de/wp-content/uploads/Vereinsbild/Silke_DInka.png" alt=""/></a></figure>
</div>



<div class="wp-block-column is-layout-flow wp-block-column-is-layout-flow">
<p><strong>Silke D&#8217;Inka</strong> war 5 Jahre unsere Dirigentin und musikalische Gesamtleiterin.</p>
</div>
</div>



<p>Silke hat eine beeindruckende Vita, unter anderem als Spielerin und Konzertmeisterin in Orchestern und Ensembles mit Auftritten in Innsbruck, Brüssel, Ungarn, Italien, Irland, Slowenien, Serbien, Russland, Australien und den USA. Dabei spielte sie unter der Leitung von Uwe Müller-Feser, Rolf Mandel, Udo Penz, Andreas Nebl, Bernd Maltry, Fabian Dobler, Thomas Bauer, Landesdirigent Johannes Baumann und den Bundesdirigenten Stefan Hippe und Fritz Dobler. Ihre musikalischen Wurzeln hat sie aber hier, beim Handharmonika-Club Sulzburg und ist mit diesem eng verbunden.</p>



<p>Hier eine tabellarische Aufstellung ihrer musikalischen Aktivitäten:</p>



<figure class="wp-block-table hc-table">
<table>
<tbody>
<tr><td>seit 2021</td><td>Mitglied im Präsidium des Deutschen Musikrates
<tr><td>2020/2021</td><td> Dirigentin des Landesjugend-Akkordeonorchester NRW (LJAO/NRW)
<tr><td>2020/2021</td><td>Dirigentin des Landes-Akkordeon-Orchesters Berlin
<tr><td>seit 2020</td><td>Bundesdirigentin des DHV</td></tr>
<tr><td>2019-2024</td><td>Dirigentin des Konzertorchesters und musikalische Gesamtleitung beim Handharmonika-Club Sulzburg</td></tr>
<tr><td>2019</td><td>Dirigentin des Landesjugend-Akkordeonorchesters Bayern (LJAO/Bayern)</td></tr>
<tr><td>seit 2017</td><td>Mitglied im Musikausschuss des DHV</td></tr>
<tr><td>seit 2017</td><td>Mitglied im DHV-Präsidium</td></tr>
<tr><td>seit 2017</td><td>Sprecherin der Bezirksdirigenten im Deutschen Harmonika-Verband (DHV)</td></tr>
<tr><td>2016</td><td>Dirigentin des Akkordeon-Landesjugendorchesters (ALJO) Baden-Württemberg – Konzertreise nach Indien</td></tr>
<tr><td>2014-2023</td><td>Bezirksdirigentin des DHV-Breisgau</td></tr>
<tr><td>2013</td><td>Dirigentin des (ALJO) Baden-Württemberg – Konzertreise nach Costa Rica</td></tr>
<tr><td>seit 2011</td><td>Geschäftsführerin des Akkordeon-Landesjugendorchesters (ALJO) Baden-Württemberg, <a href="http://www.aljo-bw.de" target="_blank" rel="noopener noreferrer">www.aljo-bw.de</a></td></tr>
<tr><td>seit 2011</td><td>Gründungsmitglied des Bundesakkordeonorchesters (BuAkkO), <a href="https://www.buakko.de/" target="_blank" rel="noopener noreferrer">www.buakko.de</a></td></tr>
<tr><td>seit 2011</td><td>Mitglied im Markgräfler Akkordeon-Ensemble (MAE)</td></tr>
<tr><td>seit 2010</td><td>Dirigentin des Bezirks-Jugendorchesters Breisgau (BJO)</td></tr>
<tr><td>seit 2008</td><td>Dirigentin des Konzertorchesters und die musikalische Gesamtleitung der <a href="http://www.akkordeongruppe-muenstertal.de/" target="_blank" rel="noopener noreferrer">Akkordeongruppe Münstertal</a></td></tr>
<tr><td>seit 2007</td><td>Weiterbildendes Studium an der Universität Freiburg in den Fächern Musikwissenschaft und Psychologie</td></tr>
<tr><td>seit 2006</td><td>Dozentin für diverse Lehrgänge (Dirigieren, Ensemble, Musiktheorie u.a.)</td></tr>
<tr><td>seit 2006</td><td>Jurorin bei verschiedenen Wettbewerben (u.a. Jugend musiziert und DOW)</td></tr>
<tr><td>seit 2005</td><td>Mitglied und Konzertmeisterin im Bezirksorchester Breisgau</td></tr>
<tr><td>2004‑2008</td><td>Dirigentin des Akkordeon-Orchesters Tennenbronn, mit dem sie 2005 den Bezirksmeistertitel in der Höchststufe errang</td></tr>
<tr><td>2004‑2007</td><td>Mitglied im Dirigentenorchester Freudenstadt-Rottweil</td></tr>
<tr><td>2003‑2011</td><td>Dirigentin des Handharmonika-Orchesters Lauterbach</td></tr>
<tr><td>2003‑2005</td><td>Solistenklasse Arrangement bei Hans-Günther Kölz und Dirigier-Stipendium bei Bundesdirigent Fritz Dobler</td></tr>
<tr><td>2002‑2010</td><td>Mitglied und Konzertmeisterin im Akkordeon-Landesjugendorchester Baden-Württemberg</td></tr>
<tr><td>1999‑2005</td><td>Mitglied und Konzertmeisterin im Seminarorchester des Hohner-Konservatoriums Trossingen</td></tr>
<tr><td>1999‑2003</td><td>Studium am Hohner-Konservatorium Trossingen mit den Hauptfächern Klassisches Akkordeon (Werner Glutsch), Dirigieren (Fritz Dobler) und Elementare Musikpädagogik (Patricia Schweikert-Laube)<br>Abschluss als staatlich anerkannte Musikpädagogin mit der Note&nbsp;1</td></tr>
<tr><td>1999</td><td>Abitur am Markgräfler Gymnasium Müllheim</td></tr>
<tr><td>1994‑2008</td><td>Spielerin und später Konzertmeisterin bei der <a href="http://www.akkordeongruppe-muenstertal.de/" target="_blank" rel="noopener noreferrer">Akkordeongruppe Münstertal</a></td></tr>
<tr><td>1987‑2019</td><td>Akkordeonunterricht beim Handharmonika-Club Sulzburg und Spielerin im Konzertorchester</td></tr>
</tbody>
</table>
</figure>



<p>Stand: 09.2024</p>



<p></p>

<p>Silke D&#8217;Inka war 5 Jahre unsere Dirigentin und musikalische Gesamtleiterin. Silke hat eine beeindruckende Vita, unter anderem als Spielerin und Konzertmeisterin in Orchestern und Ensembles mit Auftritten in Innsbruck, Brüssel, Ungarn, Italien, Irland, Slowenien, Serbien, Russland, Australien und den USA. &hellip; <a href="https://www.hc-sulzburg.de/?page_id=6164">Weiterlesen <span class="meta-nav">&rarr;</span></a></p>
