{"id":660,"date":"2012-03-21T22:01:26","date_gmt":"2012-03-21T22:01:26","guid":{"rendered":"https:\/\/www.hc-sulzburg.de\/?page_id=660"},"modified":"2026-01-08T20:00:08","modified_gmt":"2026-01-08T19:00:08","slug":"der-dirigent","status":"publish","type":"page","link":"https:\/\/www.hc-sulzburg.de\/?page_id=660","title":{"rendered":"der Ehrendirigent Michael Huck"},"content":{"rendered":"\n<div style=\"height:20px\" aria-hidden=\"true\" class=\"wp-block-spacer\"><\/div>\n\n\n\n<div class=\"wp-block-columns is-layout-flex wp-container-core-columns-is-layout-9d6595d7 wp-block-columns-is-layout-flex\">\n<div class=\"wp-block-column is-layout-flow wp-block-column-is-layout-flow\"><div class=\"wp-block-image\">\n<figure class=\"aligncenter size-large\"><a href=\"https:\/\/hc-sulzburg.de\/wp-content\/uploads\/Vereinsbild\/Michael_Huck.jpg\"><img decoding=\"async\" src=\"https:\/\/hc-sulzburg.de\/wp-content\/uploads\/Vereinsbild\/Michael_Huck.jpg\" alt=\"\"\/><\/a><\/figure>\n<\/div><\/div>\n\n\n\n<div class=\"wp-block-column is-vertically-aligned-top is-layout-flow wp-block-column-is-layout-flow\">\n<p><strong>Michael Huck<\/strong>, Ehrendirigent des HC Sulzburg und gesch\u00e4tzte Gr\u00f6\u00dfe in der s\u00fcdwestdeutschen Akkordeonszene.<\/p>\n<\/div>\n<\/div>\n\n\n\n<p>20 Jahre war Michael leidenschaftlicher Dirigent des HC Sulzburg. Viele \u00fcberregionale Erfolge durften wir mit ihm feiern und hat damit den Verein musikalisch nachhaltig gepr\u00e4gt. Nun steht er uns als Ehrendirigent zur Seite oder als begnadeter Pianist bei gr\u00f6\u00dferen Konzerten.<\/p>\n\n\n\n<p>Mit Michael k\u00f6nnen wir auch eine fundierte Ausbildung am Akkordeon und besonders am Klavier, auf h\u00f6chstem k\u00fcnstlerisches Niveau anbieten.<\/p>\n\n\n\n<p> Hier haben wir Michaels musikalischen Werdegang kurz skizziert:<\/p>\n\n\n\n<figure class=\"wp-block-table hc-table\">\n<table>\n<tbody>\n<tr><td>seit 2020<\/td><td>Ehrendirigent des Handharmonika-Club Sulzburg <\/td><\/tr>\n<tr><td>seit 2019<\/td><td> Dirigent der <a href=\"https:\/\/akkordeon-trachtengruppe.de\/\" target=\"_blank\" rel=\"noopener noreferrer\">Akkordeon Trachtengruppe Glottertal<\/a><\/td><\/tr>\n<tr><td>2019<\/td><td>Auszeichnung mit der Ehrenadel des Landes Baden\u2013W\u00fcrttemberg f\u00fcr besondere Verdienste im Ehrenamt <\/td><\/tr>\n<tr><td>seit 2017<\/td><td>Dirigent des <a href=\"http:\/\/www.hac-kollnau.de\/\" target=\"_blank\" rel=\"noopener noreferrer\">Akkordeon-Club Kollnau<\/a><\/td><\/tr>\n<tr><td>seit 2017<\/td><td>Akkordeonausbilder beim Handharmonika-Club Sulzburg <\/td><\/tr>\n<tr><td>2003\u20112014<\/td><td>Bezirksdirigent im DHV-Bezirk Breisgau <\/td><\/tr>\n<tr><td>seit 1998<\/td><td>verschiedene T\u00e4tigkeiten als Juror und Dozent f\u00fcr Lehrg\u00e4nge<\/td><\/tr>\n<tr><td>1999\u20112019<\/td><td>Dirigent des Handharmonika-Club Sulzburg <\/td><\/tr>\n<tr><td>1996-1918<\/td><td>Pianist im Duo Classico mit Juri Denich am Konzertxylophon <\/td><\/tr>\n<tr><td>seit 1993<\/td><td>freischaffender Musiker im Markgr\u00e4flerland \u2212 Unterricht f\u00fcr Klavier und Akkordeon <\/td><\/tr>\n<tr><td>1989\u20111991<\/td><td>Dirigieruntericht an der <a href=\"https:\/\/www.mh-freiburg.de\/\" target=\"_blank\" rel=\"noopener noreferrer\">Musikhochschule Freiburg<\/a><\/td><\/tr>\n<tr><td>1988\u20111993<\/td><td>Studium der <a href=\"https:\/\/uni-freiburg.de\/musikwissenschaft\/\" target=\"_blank\" rel=\"noopener noreferrer\">Musikwissenschaften an der Universit\u00e4t Freiburg<\/a><\/td><\/tr>\n<tr><td>1988<\/td><td>Musikabitur am Wentzinger-Gymnasium in Freiburg <\/td><\/tr>\n<tr><td>1987\u20112008<\/td><td>Dirigent der <a href=\"http:\/\/www.akkordeongruppe-muenstertal.de\/\" target=\"_blank\" rel=\"noopener noreferrer\">Akkordeongruppe M\u00fcnstertal<\/a><\/td><\/tr>\n<tr><td>seit 1986<\/td><td>Dirigent des <a href=\"http:\/\/ao-heitersheim.de\/seniorenorchester\/\" target=\"_blank\" rel=\"noopener noreferrer\">Seniorenorchesters Heitersheim<\/a><\/td><\/tr>\n<tr><td>1980\u20111990<\/td><td>Akkordeonunterricht bei Oskar G\u00fctle und Paul Hey <\/td><\/tr>\n<tr><td>1976\u20111986<\/td><td>mehrere Preise bei \u201eJugend musiziert\u201d (Klavier)<br>1978 erster Platz<br>1980, 1982, 1984 und 1986 dritter Platz <\/td><\/tr>\n<tr><td>1972\u20111990<\/td><td>Klavierunterricht bei:<br>Gerd Mathonia 1972-1977<br>Eva Morgenstern 1977-1984<br>Andreas Fervers 1984-1988<br>Prof. Metzger (Musikhochschule Freiburg) 1988-1990 <\/td><\/tr>\n<\/tbody>\n<\/table>\n<\/figure>\n\n\n\n<p><em>Stand: 12.20<\/em>25<\/p>\n","protected":false},"excerpt":{"rendered":"<p>Michael Huck, Ehrendirigent des HC Sulzburg und gesch\u00e4tzte Gr\u00f6\u00dfe in der s\u00fcdwestdeutschen Akkordeonszene. 20 Jahre war Michael leidenschaftlicher Dirigent des HC Sulzburg. Viele \u00fcberregionale Erfolge durften wir mit ihm feiern und hat damit den Verein musikalisch nachhaltig gepr\u00e4gt. Nun steht &hellip; <a href=\"https:\/\/www.hc-sulzburg.de\/?page_id=660\">Weiterlesen <span class=\"meta-nav\">&rarr;<\/span><\/a><\/p>\n","protected":false},"author":53,"featured_media":7953,"parent":0,"menu_order":0,"comment_status":"closed","ping_status":"closed","template":"sidebar-page.php","meta":{"footnotes":""},"class_list":["post-660","page","type-page","status-publish","has-post-thumbnail","hentry"],"publishpress_future_action":{"enabled":false,"date":"2026-05-08 15:47:26","action":"change-status","newStatus":"draft","terms":[],"taxonomy":"","extraData":[]},"publishpress_future_workflow_manual_trigger":{"enabledWorkflows":[]},"_links":{"self":[{"href":"https:\/\/www.hc-sulzburg.de\/index.php?rest_route=\/wp\/v2\/pages\/660","targetHints":{"allow":["GET"]}}],"collection":[{"href":"https:\/\/www.hc-sulzburg.de\/index.php?rest_route=\/wp\/v2\/pages"}],"about":[{"href":"https:\/\/www.hc-sulzburg.de\/index.php?rest_route=\/wp\/v2\/types\/page"}],"author":[{"embeddable":true,"href":"https:\/\/www.hc-sulzburg.de\/index.php?rest_route=\/wp\/v2\/users\/53"}],"replies":[{"embeddable":true,"href":"https:\/\/www.hc-sulzburg.de\/index.php?rest_route=%2Fwp%2Fv2%2Fcomments&post=660"}],"version-history":[{"count":0,"href":"https:\/\/www.hc-sulzburg.de\/index.php?rest_route=\/wp\/v2\/pages\/660\/revisions"}],"wp:featuredmedia":[{"embeddable":true,"href":"https:\/\/www.hc-sulzburg.de\/index.php?rest_route=\/wp\/v2\/media\/7953"}],"wp:attachment":[{"href":"https:\/\/www.hc-sulzburg.de\/index.php?rest_route=%2Fwp%2Fv2%2Fmedia&parent=660"}],"curies":[{"name":"wp","href":"https:\/\/api.w.org\/{rel}","templated":true}]}}

<div style="height:20px" aria-hidden="true" class="wp-block-spacer"></div>



<div class="wp-block-columns is-layout-flex wp-container-core-columns-is-layout-9d6595d7 wp-block-columns-is-layout-flex">
<div class="wp-block-column is-layout-flow wp-block-column-is-layout-flow"><div class="wp-block-image">
<figure class="aligncenter size-large"><a href="https://hc-sulzburg.de/wp-content/uploads/Vereinsbild/Michael_Huck.jpg"><img decoding="async" src="https://hc-sulzburg.de/wp-content/uploads/Vereinsbild/Michael_Huck.jpg" alt=""/></a></figure>
</div></div>



<div class="wp-block-column is-vertically-aligned-top is-layout-flow wp-block-column-is-layout-flow">
<p><strong>Michael Huck</strong>, Ehrendirigent des HC Sulzburg und geschätzte Größe in der südwestdeutschen Akkordeonszene.</p>
</div>
</div>



<p>20 Jahre war Michael leidenschaftlicher Dirigent des HC Sulzburg. Viele überregionale Erfolge durften wir mit ihm feiern und hat damit den Verein musikalisch nachhaltig geprägt. Nun steht er uns als Ehrendirigent zur Seite oder als begnadeter Pianist bei größeren Konzerten.</p>



<p>Mit Michael können wir auch eine fundierte Ausbildung am Akkordeon und besonders am Klavier, auf höchstem künstlerisches Niveau anbieten.</p>



<p> Hier haben wir Michaels musikalischen Werdegang kurz skizziert:</p>



<figure class="wp-block-table hc-table">
<table>
<tbody>
<tr><td>seit 2020</td><td>Ehrendirigent des Handharmonika-Club Sulzburg </td></tr>
<tr><td>seit 2019</td><td> Dirigent der <a href="https://akkordeon-trachtengruppe.de/" target="_blank" rel="noopener noreferrer">Akkordeon Trachtengruppe Glottertal</a></td></tr>
<tr><td>2019</td><td>Auszeichnung mit der Ehrenadel des Landes Baden–Württemberg für besondere Verdienste im Ehrenamt </td></tr>
<tr><td>seit 2017</td><td>Dirigent des <a href="http://www.hac-kollnau.de/" target="_blank" rel="noopener noreferrer">Akkordeon-Club Kollnau</a></td></tr>
<tr><td>seit 2017</td><td>Akkordeonausbilder beim Handharmonika-Club Sulzburg </td></tr>
<tr><td>2003‑2014</td><td>Bezirksdirigent im DHV-Bezirk Breisgau </td></tr>
<tr><td>seit 1998</td><td>verschiedene Tätigkeiten als Juror und Dozent für Lehrgänge</td></tr>
<tr><td>1999‑2019</td><td>Dirigent des Handharmonika-Club Sulzburg </td></tr>
<tr><td>1996-1918</td><td>Pianist im Duo Classico mit Juri Denich am Konzertxylophon </td></tr>
<tr><td>seit 1993</td><td>freischaffender Musiker im Markgräflerland − Unterricht für Klavier und Akkordeon </td></tr>
<tr><td>1989‑1991</td><td>Dirigieruntericht an der <a href="https://www.mh-freiburg.de/" target="_blank" rel="noopener noreferrer">Musikhochschule Freiburg</a></td></tr>
<tr><td>1988‑1993</td><td>Studium der <a href="https://uni-freiburg.de/musikwissenschaft/" target="_blank" rel="noopener noreferrer">Musikwissenschaften an der Universität Freiburg</a></td></tr>
<tr><td>1988</td><td>Musikabitur am Wentzinger-Gymnasium in Freiburg </td></tr>
<tr><td>1987‑2008</td><td>Dirigent der <a href="http://www.akkordeongruppe-muenstertal.de/" target="_blank" rel="noopener noreferrer">Akkordeongruppe Münstertal</a></td></tr>
<tr><td>seit 1986</td><td>Dirigent des <a href="http://ao-heitersheim.de/seniorenorchester/" target="_blank" rel="noopener noreferrer">Seniorenorchesters Heitersheim</a></td></tr>
<tr><td>1980‑1990</td><td>Akkordeonunterricht bei Oskar Gütle und Paul Hey </td></tr>
<tr><td>1976‑1986</td><td>mehrere Preise bei „Jugend musiziert” (Klavier)<br>1978 erster Platz<br>1980, 1982, 1984 und 1986 dritter Platz </td></tr>
<tr><td>1972‑1990</td><td>Klavierunterricht bei:<br>Gerd Mathonia 1972-1977<br>Eva Morgenstern 1977-1984<br>Andreas Fervers 1984-1988<br>Prof. Metzger (Musikhochschule Freiburg) 1988-1990 </td></tr>
</tbody>
</table>
</figure>



<p><em>Stand: 12.20</em>25</p>

<p>Michael Huck, Ehrendirigent des HC Sulzburg und geschätzte Größe in der südwestdeutschen Akkordeonszene. 20 Jahre war Michael leidenschaftlicher Dirigent des HC Sulzburg. Viele überregionale Erfolge durften wir mit ihm feiern und hat damit den Verein musikalisch nachhaltig geprägt. Nun steht &hellip; <a href="https://www.hc-sulzburg.de/?page_id=660">Weiterlesen <span class="meta-nav">&rarr;</span></a></p>
